{"id":19,"date":"2021-01-19T15:07:21","date_gmt":"2021-01-19T14:07:21","guid":{"rendered":"http:\/\/www.harspelt.de\/?page_id=19"},"modified":"2021-01-19T15:07:23","modified_gmt":"2021-01-19T14:07:23","slug":"ortsname","status":"publish","type":"page","link":"https:\/\/www.harspelt.de\/?page_id=19","title":{"rendered":"Ortsname"},"content":{"rendered":"\n<p>Im Lauf der Geschichte hat sich der Ortsname Harspelt mehrfach ver\u00e4ndert:<\/p>\n\n\n\n<p>1420: Harrespelt<br>1489: Harspell<br>1497: Hardespelte, Hartevelt<br>1511: Haldevelt<br>1517: Herdespelt<br>1548: Hartespel<br>1558: Hortevelt, Hartevelt<br>1589: Hartenspelt<br>seit ca. 1600: Harspel bzw. Harspelt<\/p>\n\n\n\n<p>Es gibt verschiedene Auslegungen f\u00fcr den Ortsnamen:<\/p>\n\n\n\n<ol class=\"wp-block-list\"><li>Herter = der Hirte &#8211; Hirtenfeld<\/li><li>Hardt = H\u00f6he, Bergr\u00fccken<br>noch heute gibt es auf der Flurkarte die &#8222;Hardt&#8220;<\/li><li>Har &#8211; steiler H\u00fcgel (fr\u00e4nkisch), Spelt &#8211; Buchweizen<br>Har &#8211; Spelt = Buchweizenh\u00fcgel<\/li><\/ol>\n\n\n\n<p><\/p>\n","protected":false},"excerpt":{"rendered":"<p>Im Lauf der Geschichte hat sich der Ortsname Harspelt mehrfach ver\u00e4ndert: 1420: Harrespelt1489: Harspell1497: Hardespelte, Hartevelt1511: Haldevelt1517: Herdespelt1548: Hartespel1558: Hortevelt, Hartevelt1589: Hartenspeltseit ca. 1600: Harspel bzw. Harspelt Es gibt verschiedene Auslegungen f\u00fcr den Ortsnamen: Herter = der Hirte &#8211; Hirtenfeld<\/p>\n","protected":false},"author":1,"featured_media":0,"parent":0,"menu_order":0,"comment_status":"closed","ping_status":"closed","template":"","meta":{"footnotes":""},"class_list":["post-19","page","type-page","status-publish","hentry"],"_links":{"self":[{"href":"https:\/\/www.harspelt.de\/index.php?rest_route=\/wp\/v2\/pages\/19","targetHints":{"allow":["GET"]}}],"collection":[{"href":"https:\/\/www.harspelt.de\/index.php?rest_route=\/wp\/v2\/pages"}],"about":[{"href":"https:\/\/www.harspelt.de\/index.php?rest_route=\/wp\/v2\/types\/page"}],"author":[{"embeddable":true,"href":"https:\/\/www.harspelt.de\/index.php?rest_route=\/wp\/v2\/users\/1"}],"replies":[{"embeddable":true,"href":"https:\/\/www.harspelt.de\/index.php?rest_route=%2Fwp%2Fv2%2Fcomments&post=19"}],"version-history":[{"count":1,"href":"https:\/\/www.harspelt.de\/index.php?rest_route=\/wp\/v2\/pages\/19\/revisions"}],"predecessor-version":[{"id":20,"href":"https:\/\/www.harspelt.de\/index.php?rest_route=\/wp\/v2\/pages\/19\/revisions\/20"}],"wp:attachment":[{"href":"https:\/\/www.harspelt.de\/index.php?rest_route=%2Fwp%2Fv2%2Fmedia&parent=19"}],"curies":[{"name":"wp","href":"https:\/\/api.w.org\/{rel}","templated":true}]}}