{"id":13,"date":"2021-01-19T14:50:24","date_gmt":"2021-01-19T13:50:24","guid":{"rendered":"http:\/\/www.harspelt.de\/?page_id=13"},"modified":"2021-01-19T15:30:46","modified_gmt":"2021-01-19T14:30:46","slug":"gemeinde","status":"publish","type":"page","link":"https:\/\/www.harspelt.de\/?page_id=13","title":{"rendered":"Gemeinde"},"content":{"rendered":"\n<p>Harspelt liegt unmittelbar an der deutsch-belgischen Staatsgrenze im &#8222;Islek&#8220;, einer von T\u00e4lern durchzogenen Hochfl\u00e4che als Teil des rheinischen Schiefergebirges.<\/p>\n\n\n\n<p>Harspelt ist ein \u00fcberwiegend landwirtschaftlich gepr\u00e4gter Ort mit drei landwirtschaftlichen Betrieben.<\/p>\n","protected":false},"excerpt":{"rendered":"<p>Harspelt liegt unmittelbar an der deutsch-belgischen Staatsgrenze im &#8222;Islek&#8220;, einer von T\u00e4lern durchzogenen Hochfl\u00e4che als Teil des rheinischen Schiefergebirges. Harspelt ist ein \u00fcberwiegend landwirtschaftlich gepr\u00e4gter Ort mit drei landwirtschaftlichen Betrieben.<\/p>\n","protected":false},"author":1,"featured_media":0,"parent":0,"menu_order":0,"comment_status":"closed","ping_status":"closed","template":"","meta":{"footnotes":""},"class_list":["post-13","page","type-page","status-publish","hentry"],"_links":{"self":[{"href":"https:\/\/www.harspelt.de\/index.php?rest_route=\/wp\/v2\/pages\/13","targetHints":{"allow":["GET"]}}],"collection":[{"href":"https:\/\/www.harspelt.de\/index.php?rest_route=\/wp\/v2\/pages"}],"about":[{"href":"https:\/\/www.harspelt.de\/index.php?rest_route=\/wp\/v2\/types\/page"}],"author":[{"embeddable":true,"href":"https:\/\/www.harspelt.de\/index.php?rest_route=\/wp\/v2\/users\/1"}],"replies":[{"embeddable":true,"href":"https:\/\/www.harspelt.de\/index.php?rest_route=%2Fwp%2Fv2%2Fcomments&post=13"}],"version-history":[{"count":2,"href":"https:\/\/www.harspelt.de\/index.php?rest_route=\/wp\/v2\/pages\/13\/revisions"}],"predecessor-version":[{"id":55,"href":"https:\/\/www.harspelt.de\/index.php?rest_route=\/wp\/v2\/pages\/13\/revisions\/55"}],"wp:attachment":[{"href":"https:\/\/www.harspelt.de\/index.php?rest_route=%2Fwp%2Fv2%2Fmedia&parent=13"}],"curies":[{"name":"wp","href":"https:\/\/api.w.org\/{rel}","templated":true}]}}